{"id":403,"date":"2016-04-13T16:50:15","date_gmt":"2016-04-13T14:50:15","guid":{"rendered":"http:\/\/schmittmann-kolleg.de\/wordpress\/?post_type=portfolio&#038;p=403"},"modified":"2018-10-06T08:39:20","modified_gmt":"2018-10-06T06:39:20","slug":"koeln-sose-2016","status":"publish","type":"portfolio","link":"https:\/\/schmittmann-kolleg.de\/wordpress\/portfolio-item\/koeln-sose-2016\/","title":{"rendered":"K\u00f6ln<br><br>SoSe 2016"},"content":{"rendered":"\n<style type=\"text\/css\" data-created_by=\"avia_inline_auto\" id=\"style-css-av-av_one_full-9497bbf8bff73ea4c6992cc17fa9ec36\">\n.flex_column.av-av_one_full-9497bbf8bff73ea4c6992cc17fa9ec36{\n-webkit-border-radius:0px 0px 0px 0px;\n-moz-border-radius:0px 0px 0px 0px;\nborder-radius:0px 0px 0px 0px;\npadding:0px 0px 0px 0px;\n}\n<\/style>\n<div class='flex_column av-av_one_full-9497bbf8bff73ea4c6992cc17fa9ec36 av_one_full  avia-builder-el-0  el_before_av_three_fifth  avia-builder-el-first  first flex_column_div av-zero-column-padding '     ><\/div>\n\n<style type=\"text\/css\" data-created_by=\"avia_inline_auto\" id=\"style-css-av-av_three_fifth-9497bbf8bff73ea4c6992cc17fa9ec36\">\n.flex_column.av-av_three_fifth-9497bbf8bff73ea4c6992cc17fa9ec36{\n-webkit-border-radius:0px 0px 0px 0px;\n-moz-border-radius:0px 0px 0px 0px;\nborder-radius:0px 0px 0px 0px;\npadding:0px 0px 0px 0px;\n}\n<\/style>\n<div class='flex_column av-av_three_fifth-9497bbf8bff73ea4c6992cc17fa9ec36 av_three_fifth  avia-builder-el-1  el_after_av_one_full  el_before_av_two_fifth  first flex_column_div av-zero-column-padding column-top-margin'     ><p>\n<style type=\"text\/css\" data-created_by=\"avia_inline_auto\" id=\"style-css-av-av_heading-6a1c2fcbcb01895ce83c80acb5937d0f\">\n#top .av-special-heading.av-av_heading-6a1c2fcbcb01895ce83c80acb5937d0f{\npadding-bottom:10px;\n}\nbody .av-special-heading.av-av_heading-6a1c2fcbcb01895ce83c80acb5937d0f .av-special-heading-tag .heading-char{\nfont-size:25px;\n}\n.av-special-heading.av-av_heading-6a1c2fcbcb01895ce83c80acb5937d0f .av-subheading{\nfont-size:15px;\n}\n<\/style>\n<div  class='av-special-heading av-av_heading-6a1c2fcbcb01895ce83c80acb5937d0f av-special-heading-h2  avia-builder-el-2  el_before_av_textblock  avia-builder-el-first '><h2 class='av-special-heading-tag'  itemprop=\"headline\"  >Semesterthema: K\u00f6ln<\/h2><div class=\"special-heading-border\"><div class=\"special-heading-inner-border\"><\/div><\/div><\/div><br \/>\n<section  class='av_textblock_section av-av_textblock-0366cc7376be6c9e82a3e9cc8987b64f'  itemscope=\"itemscope\" itemtype=\"https:\/\/schema.org\/CreativeWork\" ><div class='avia_textblock'  itemprop=\"text\" ><p>Semesterprogramm SoSe 2016<\/p>\n<\/div><\/section><br \/>\n<div class='avia-data-table-wrap av-av_table-02571886edda922de8207877f40a41d8 avia_responsive_table avia-table-1'><table  class='avia-table avia-data-table avia_pricing_default  avia-builder-el-4  el_after_av_textblock  avia-builder-el-last '  itemscope=\"itemscope\" itemtype=\"https:\/\/schema.org\/Table\" ><caption>Haussprecher: Thekla Bartl<\/caption><tbody><tr class=''><td class=''>Mi, 13. April<br \/>\n19:30 Uhr<\/td><td class=''>Semesterer\u00f6ffnungsbuffet \/ 1. Hausversammlung<\/td><\/tr><tr class=''><td class=''>Do, 28. April<br \/>\n20:00 Uhr<\/td><td class=''>Wem verdankt das r\u00f6mische K\u00f6ln seine Gr\u00fcndung?<br \/>\nProf. Dr. Werner Eck<\/td><\/tr><tr class=''><td class=''>Mo, 09. Mai<br \/>\n19:00 Uhr<\/td><td class=''>Besichitigung der \u00dchlepooz<br \/>\nRote Funken<\/td><\/tr><tr class=''><td class=''>Mo, 16. bis Sa, 21. Mai<\/td><td class=''>Semesterfahrt nach Rom<\/td><\/tr><tr class=''><td class=''>Di, 31. Mai<br \/>\n18:00<\/td><td class=''>F\u00fchrung entlang der Stadtmauer<br \/>\nPaula Hiertz<\/td><\/tr><tr class=''><td class=''>Do, 02. Juni<br \/>\n19:00 Uhr<\/td><td class=''>2. Hausversammlung<\/td><\/tr><tr class=''><td class=''>Di, 14. Juni<br \/>\n20:00 Uhr<br \/>\n<\/td><td class=''>K\u00f6ln zwischen 1939 und1945<\/td><\/tr><tr class=''><td class=''>Fr, 24. Juni<br \/>\n19:00 Uhr<\/td><td class=''>Semestergottesdienst<br \/>\nHarald Bartl<\/td><\/tr><tr class=''><td class=''>Sa, 02. Juli bis So, 03. Juli<\/td><td class=''>Ehemaligentreffen<\/td><\/tr><tr class=''><td class=''>Mi, 13. Juli<br \/>\n20.00 Uhr<\/td><td class=''>3. Hausversammlung<\/td><\/tr><\/tbody><\/table><\/div><\/p><\/div>\n<style type=\"text\/css\" data-created_by=\"avia_inline_auto\" id=\"style-css-av-av_two_fifth-9c1d454dc06f7247226bc4e8f931daae\">\n.flex_column.av-av_two_fifth-9c1d454dc06f7247226bc4e8f931daae{\n-webkit-border-radius:0px 0px 0px 0px;\n-moz-border-radius:0px 0px 0px 0px;\nborder-radius:0px 0px 0px 0px;\npadding:0px 0px 0px 0px;\n}\n<\/style>\n<div class='flex_column av-av_two_fifth-9c1d454dc06f7247226bc4e8f931daae av_two_fifth  avia-builder-el-5  el_after_av_three_fifth  el_before_av_hr  flex_column_div av-zero-column-padding column-top-margin'     ><style type=\"text\/css\" data-created_by=\"avia_inline_auto\" id=\"style-css-av-av_iconlist-f8b24b818a32b2b5e0a6d0c097b40ee7\">\n#top .avia-icon-list-container.av-av_iconlist-f8b24b818a32b2b5e0a6d0c097b40ee7 .iconlist_icon{\nbackground-color:#edae44;\n}\n<\/style>\n<div  class='avia-icon-list-container av-av_iconlist-f8b24b818a32b2b5e0a6d0c097b40ee7  avia-builder-el-6  avia-builder-el-no-sibling '><ul class='avia-icon-list avia_animate_when_almost_visible avia-icon-list-left av-iconlist-big av-av_iconlist-f8b24b818a32b2b5e0a6d0c097b40ee7 avia-iconlist-animate'>\n<li><div class='iconlist_icon av-av_iconlist_item-0a3bda79af423acb3847614fb44cc8c8 avia-font-entypo-fontello'><span class='iconlist-char' aria-hidden='true' data-av_icon='\ue826' data-av_iconfont='entypo-fontello'><\/span><\/div><article class=\"article-icon-entry av-iconlist-empty\"  itemscope=\"itemscope\" itemtype=\"https:\/\/schema.org\/CreativeWork\" ><div class=\"iconlist_content_wrap\"><header class=\"entry-content-header\"><h4 class='av_iconlist_title iconlist_title  '  itemprop=\"headline\" ><a href='https:\/\/schmittmann-kolleg.de\/wordpress\/wp-content\/uploads\/2016\/07\/Semesterprogramm-Koeln.pdf' title='Der Flyer zum Semesterprogramm' target=\"_blank\"  rel=\"noopener noreferrer\">Der Flyer zum Semesterprogramm<\/a><\/h4><\/header><div class='iconlist_content '  itemprop=\"text\" ><\/div><\/div><footer class=\"entry-footer\"><\/footer><\/article><div class=\"iconlist-timeline\"><\/div><\/li>\n<\/ul><\/div><\/div><\/p>\n<div  class='hr av-av_hr-dcd2069817a0e3d34ae04cad8f3443c7 hr-default  avia-builder-el-7  el_after_av_two_fifth  avia-builder-el-last '><span class='hr-inner '><span class=\"hr-inner-style\"><\/span><\/span><\/div>\n","protected":false},"excerpt":{"rendered":"","protected":false},"featured_media":0,"comment_status":"closed","ping_status":"closed","template":"","tags":[],"portfolio_entries":[],"class_list":["post-403","portfolio","type-portfolio","status-publish","hentry"],"_links":{"self":[{"href":"https:\/\/schmittmann-kolleg.de\/wordpress\/wp-json\/wp\/v2\/portfolio\/403","targetHints":{"allow":["GET"]}}],"collection":[{"href":"https:\/\/schmittmann-kolleg.de\/wordpress\/wp-json\/wp\/v2\/portfolio"}],"about":[{"href":"https:\/\/schmittmann-kolleg.de\/wordpress\/wp-json\/wp\/v2\/types\/portfolio"}],"replies":[{"embeddable":true,"href":"https:\/\/schmittmann-kolleg.de\/wordpress\/wp-json\/wp\/v2\/comments?post=403"}],"version-history":[{"count":3,"href":"https:\/\/schmittmann-kolleg.de\/wordpress\/wp-json\/wp\/v2\/portfolio\/403\/revisions"}],"predecessor-version":[{"id":404,"href":"https:\/\/schmittmann-kolleg.de\/wordpress\/wp-json\/wp\/v2\/portfolio\/403\/revisions\/404"}],"wp:attachment":[{"href":"https:\/\/schmittmann-kolleg.de\/wordpress\/wp-json\/wp\/v2\/media?parent=403"}],"wp:term":[{"taxonomy":"post_tag","embeddable":true,"href":"https:\/\/schmittmann-kolleg.de\/wordpress\/wp-json\/wp\/v2\/tags?post=403"},{"taxonomy":"portfolio_entries","embeddable":true,"href":"https:\/\/schmittmann-kolleg.de\/wordpress\/wp-json\/wp\/v2\/portfolio_entries?post=403"}],"curies":[{"name":"wp","href":"https:\/\/api.w.org\/{rel}","templated":true}]}}

Köln<br><br>SoSe 2016

<style type="text/css" data-created_by="avia_inline_auto" id="style-css-av-av_one_full-9497bbf8bff73ea4c6992cc17fa9ec36">
.flex_column.av-av_one_full-9497bbf8bff73ea4c6992cc17fa9ec36{
-webkit-border-radius:0px 0px 0px 0px;
-moz-border-radius:0px 0px 0px 0px;
border-radius:0px 0px 0px 0px;
padding:0px 0px 0px 0px;
}
</style>
<div class='flex_column av-av_one_full-9497bbf8bff73ea4c6992cc17fa9ec36 av_one_full  avia-builder-el-0  el_before_av_three_fifth  avia-builder-el-first  first flex_column_div av-zero-column-padding '     ></div>

<style type="text/css" data-created_by="avia_inline_auto" id="style-css-av-av_three_fifth-9497bbf8bff73ea4c6992cc17fa9ec36">
.flex_column.av-av_three_fifth-9497bbf8bff73ea4c6992cc17fa9ec36{
-webkit-border-radius:0px 0px 0px 0px;
-moz-border-radius:0px 0px 0px 0px;
border-radius:0px 0px 0px 0px;
padding:0px 0px 0px 0px;
}
</style>
<div class='flex_column av-av_three_fifth-9497bbf8bff73ea4c6992cc17fa9ec36 av_three_fifth  avia-builder-el-1  el_after_av_one_full  el_before_av_two_fifth  first flex_column_div av-zero-column-padding column-top-margin'     ><p>
<style type="text/css" data-created_by="avia_inline_auto" id="style-css-av-av_heading-6a1c2fcbcb01895ce83c80acb5937d0f">
#top .av-special-heading.av-av_heading-6a1c2fcbcb01895ce83c80acb5937d0f{
padding-bottom:10px;
}
body .av-special-heading.av-av_heading-6a1c2fcbcb01895ce83c80acb5937d0f .av-special-heading-tag .heading-char{
font-size:25px;
}
.av-special-heading.av-av_heading-6a1c2fcbcb01895ce83c80acb5937d0f .av-subheading{
font-size:15px;
}
</style>
<div  class='av-special-heading av-av_heading-6a1c2fcbcb01895ce83c80acb5937d0f av-special-heading-h2  avia-builder-el-2  el_before_av_textblock  avia-builder-el-first '><h2 class='av-special-heading-tag'  itemprop="headline"  >Semesterthema: Köln</h2><div class="special-heading-border"><div class="special-heading-inner-border"></div></div></div><br />
<section  class='av_textblock_section av-av_textblock-0366cc7376be6c9e82a3e9cc8987b64f'  itemscope="itemscope" itemtype="https://schema.org/CreativeWork" ><div class='avia_textblock'  itemprop="text" ><p>Semesterprogramm SoSe 2016</p>
</div></section><br />
<div class='avia-data-table-wrap av-av_table-02571886edda922de8207877f40a41d8 avia_responsive_table avia-table-1'><table  class='avia-table avia-data-table avia_pricing_default  avia-builder-el-4  el_after_av_textblock  avia-builder-el-last '  itemscope="itemscope" itemtype="https://schema.org/Table" ><caption>Haussprecher: Thekla Bartl</caption><tbody><tr class=''><td class=''>Mi, 13. April<br />
19:30 Uhr</td><td class=''>Semestereröffnungsbuffet / 1. Hausversammlung</td></tr><tr class=''><td class=''>Do, 28. April<br />
20:00 Uhr</td><td class=''>Wem verdankt das römische Köln seine Gründung?<br />
Prof. Dr. Werner Eck</td></tr><tr class=''><td class=''>Mo, 09. Mai<br />
19:00 Uhr</td><td class=''>Besichitigung der Ühlepooz<br />
Rote Funken</td></tr><tr class=''><td class=''>Mo, 16. bis Sa, 21. Mai</td><td class=''>Semesterfahrt nach Rom</td></tr><tr class=''><td class=''>Di, 31. Mai<br />
18:00</td><td class=''>Führung entlang der Stadtmauer<br />
Paula Hiertz</td></tr><tr class=''><td class=''>Do, 02. Juni<br />
19:00 Uhr</td><td class=''>2. Hausversammlung</td></tr><tr class=''><td class=''>Di, 14. Juni<br />
20:00 Uhr<br />
</td><td class=''>Köln zwischen 1939 und1945</td></tr><tr class=''><td class=''>Fr, 24. Juni<br />
19:00 Uhr</td><td class=''>Semestergottesdienst<br />
Harald Bartl</td></tr><tr class=''><td class=''>Sa, 02. Juli bis So, 03. Juli</td><td class=''>Ehemaligentreffen</td></tr><tr class=''><td class=''>Mi, 13. Juli<br />
20.00 Uhr</td><td class=''>3. Hausversammlung</td></tr></tbody></table></div></p></div>
<style type="text/css" data-created_by="avia_inline_auto" id="style-css-av-av_two_fifth-9c1d454dc06f7247226bc4e8f931daae">
.flex_column.av-av_two_fifth-9c1d454dc06f7247226bc4e8f931daae{
-webkit-border-radius:0px 0px 0px 0px;
-moz-border-radius:0px 0px 0px 0px;
border-radius:0px 0px 0px 0px;
padding:0px 0px 0px 0px;
}
</style>
<div class='flex_column av-av_two_fifth-9c1d454dc06f7247226bc4e8f931daae av_two_fifth  avia-builder-el-5  el_after_av_three_fifth  el_before_av_hr  flex_column_div av-zero-column-padding column-top-margin'     ><style type="text/css" data-created_by="avia_inline_auto" id="style-css-av-av_iconlist-f8b24b818a32b2b5e0a6d0c097b40ee7">
#top .avia-icon-list-container.av-av_iconlist-f8b24b818a32b2b5e0a6d0c097b40ee7 .iconlist_icon{
background-color:#edae44;
}
</style>
<div  class='avia-icon-list-container av-av_iconlist-f8b24b818a32b2b5e0a6d0c097b40ee7  avia-builder-el-6  avia-builder-el-no-sibling '><ul class='avia-icon-list avia_animate_when_almost_visible avia-icon-list-left av-iconlist-big av-av_iconlist-f8b24b818a32b2b5e0a6d0c097b40ee7 avia-iconlist-animate'>
<li><div class='iconlist_icon av-av_iconlist_item-0a3bda79af423acb3847614fb44cc8c8 avia-font-entypo-fontello'><span class='iconlist-char' aria-hidden='true' data-av_icon='' data-av_iconfont='entypo-fontello'></span></div><article class="article-icon-entry av-iconlist-empty"  itemscope="itemscope" itemtype="https://schema.org/CreativeWork" ><div class="iconlist_content_wrap"><header class="entry-content-header"><h4 class='av_iconlist_title iconlist_title  '  itemprop="headline" ><a href='https://schmittmann-kolleg.de/wordpress/wp-content/uploads/2016/07/Semesterprogramm-Koeln.pdf' title='Der Flyer zum Semesterprogramm' target="_blank"  rel="noopener noreferrer">Der Flyer zum Semesterprogramm</a></h4></header><div class='iconlist_content '  itemprop="text" ></div></div><footer class="entry-footer"></footer></article><div class="iconlist-timeline"></div></li>
</ul></div></div></p>
<div  class='hr av-av_hr-dcd2069817a0e3d34ae04cad8f3443c7 hr-default  avia-builder-el-7  el_after_av_two_fifth  avia-builder-el-last '><span class='hr-inner '><span class="hr-inner-style"></span></span></div>
