{"id":281,"date":"2015-01-06T19:13:11","date_gmt":"2015-01-06T18:13:11","guid":{"rendered":"http:\/\/schmittmann-kolleg.de\/wordpress\/?post_type=portfolio&#038;p=281"},"modified":"2019-01-27T13:11:57","modified_gmt":"2019-01-27T12:11:57","slug":"erinnerungskultur-sose-2011","status":"publish","type":"portfolio","link":"https:\/\/schmittmann-kolleg.de\/wordpress\/portfolio-item\/erinnerungskultur-sose-2011\/","title":{"rendered":"Erinnerungskultur<br><br>SoSe 2011"},"content":{"rendered":"\n<style type=\"text\/css\" data-created_by=\"avia_inline_auto\" id=\"style-css-av-av_one_full-9497bbf8bff73ea4c6992cc17fa9ec36\">\n.flex_column.av-av_one_full-9497bbf8bff73ea4c6992cc17fa9ec36{\n-webkit-border-radius:0px 0px 0px 0px;\n-moz-border-radius:0px 0px 0px 0px;\nborder-radius:0px 0px 0px 0px;\npadding:0px 0px 0px 0px;\n}\n<\/style>\n<div class='flex_column av-av_one_full-9497bbf8bff73ea4c6992cc17fa9ec36 av_one_full  avia-builder-el-0  el_before_av_three_fifth  avia-builder-el-first  first flex_column_div av-zero-column-padding '     ><\/div>\n\n<style type=\"text\/css\" data-created_by=\"avia_inline_auto\" id=\"style-css-av-av_three_fifth-9497bbf8bff73ea4c6992cc17fa9ec36\">\n.flex_column.av-av_three_fifth-9497bbf8bff73ea4c6992cc17fa9ec36{\n-webkit-border-radius:0px 0px 0px 0px;\n-moz-border-radius:0px 0px 0px 0px;\nborder-radius:0px 0px 0px 0px;\npadding:0px 0px 0px 0px;\n}\n<\/style>\n<div class='flex_column av-av_three_fifth-9497bbf8bff73ea4c6992cc17fa9ec36 av_three_fifth  avia-builder-el-1  el_after_av_one_full  el_before_av_two_fifth  first flex_column_div av-zero-column-padding column-top-margin'     ><p>\n<style type=\"text\/css\" data-created_by=\"avia_inline_auto\" id=\"style-css-av-av_heading-d85bee97378afc9dd001a732b53bd1f6\">\n#top .av-special-heading.av-av_heading-d85bee97378afc9dd001a732b53bd1f6{\npadding-bottom:10px;\n}\nbody .av-special-heading.av-av_heading-d85bee97378afc9dd001a732b53bd1f6 .av-special-heading-tag .heading-char{\nfont-size:25px;\n}\n.av-special-heading.av-av_heading-d85bee97378afc9dd001a732b53bd1f6 .av-subheading{\nfont-size:15px;\n}\n<\/style>\n<div  class='av-special-heading av-av_heading-d85bee97378afc9dd001a732b53bd1f6 av-special-heading-h2  avia-builder-el-2  el_before_av_textblock  avia-builder-el-first '><h2 class='av-special-heading-tag'  itemprop=\"headline\"  >Semesterthema: Erinnerungskultur<\/h2><div class=\"special-heading-border\"><div class=\"special-heading-inner-border\"><\/div><\/div><\/div><br \/>\n<section  class='av_textblock_section av-av_textblock-0366cc7376be6c9e82a3e9cc8987b64f'  itemscope=\"itemscope\" itemtype=\"https:\/\/schema.org\/CreativeWork\" ><div class='avia_textblock'  itemprop=\"text\" ><p>Semesterprogramm SoSe 2011<\/p>\n<\/div><\/section><br \/>\n<div class='avia-data-table-wrap av-av_table-eb8eb17fba35d1611b05cf5540f48a7f avia_responsive_table avia-table-1'><table  class='avia-table avia-data-table avia_pricing_default  avia-builder-el-4  el_after_av_textblock  avia-builder-el-last '  itemscope=\"itemscope\" itemtype=\"https:\/\/schema.org\/Table\" ><caption>Haussprecher: Simon Umbach<\/caption><tbody><tr class=''><td class=''>Do, 07.04.2011, 20.15 Uhr<\/td><td class=''>Semesterer\u00f6ffnungsbuffet<\/td><\/tr><tr class=''><td class=''>Di, 12.04.2011, 20.15 Uhr<\/td><td class=''>1. Hausversammlung<\/td><\/tr><tr class=''><td class=''>Sa, 16.04.2011, 12.00 Uhr<\/td><td class=''>ELDE-Haus, Besuch der Sonderausstellung \u201eKunst und Gedenken\u201c<\/td><\/tr><tr class=''><td class=''>Do, 05.05.2011, 19.30 Uhr<\/td><td class=''>Semesterer\u00f6ffnungsgottesdienst, Pf. Dr. Markus Wasserfuhr<\/td><\/tr><tr class=''><td class=''>Do, 12.05.2011, 19.00 Uhr<\/td><td class=''>Vortrag: Vergangenheitsbew\u00e4ltigung in der BRD, Dr. Matthias Opitz und Harald Egerland<\/td><\/tr><tr class=''><td class=''>Fr, 20.05. &#8211; Sa, 21.05.2011 <\/td><td class=''>Wochenendseminar Vogelsang<\/td><\/tr><tr class=''><td class=''>Di, 31.05.2011, 20.15 Uhr <\/td><td class=''>2. Hausversammlung<\/td><\/tr><tr class=''><td class=''>So, 12.06.2011, 20.15 Uhr <\/td><td class=''>Filmabend: \u201eAm Ende kommen Touristen\u201c<\/td><\/tr><tr class=''><td class=''>Di, 14.06. &#8211; Sa, 18.06.2011 <\/td><td class=''>Semesterfahrt nach O\u015bwi\u0119cim \/ Auschwitz und Krakau<\/td><\/tr><tr class=''><td class=''>Di, 28.06.2011, 19.00 Uhr<\/td><td class=''>Vortrag: j\u00fcdische Leben in der BRD heute, Winfried G\u00fcnther (j\u00fcdische Gemeinde K\u00f6ln)<\/td><\/tr><tr class=''><td class=''>Di, 05.07.2011, 16.30 Uhr <\/td><td class=''>Besuch des j\u00fcdischer Friedhof in K\u00f6ln-Bocklem\u00fcnd<\/td><\/tr><tr class=''><td class=''>Mo, 18.07.2011, 20.15 Uhr <\/td><td class=''>3. Hausversammlung<\/td><\/tr><\/tbody><\/table><\/div><\/p><\/div>\n\n<style type=\"text\/css\" data-created_by=\"avia_inline_auto\" id=\"style-css-av-av_two_fifth-9c1d454dc06f7247226bc4e8f931daae\">\n.flex_column.av-av_two_fifth-9c1d454dc06f7247226bc4e8f931daae{\n-webkit-border-radius:0px 0px 0px 0px;\n-moz-border-radius:0px 0px 0px 0px;\nborder-radius:0px 0px 0px 0px;\npadding:0px 0px 0px 0px;\n}\n<\/style>\n<div class='flex_column av-av_two_fifth-9c1d454dc06f7247226bc4e8f931daae av_two_fifth  avia-builder-el-5  el_after_av_three_fifth  el_before_av_hr  flex_column_div av-zero-column-padding column-top-margin'     ><div  class='hr av-av_hr-f5ce879c8688ea608b6adec0fff8bb6a hr-default  avia-builder-el-6  avia-builder-el-no-sibling '><span class='hr-inner '><span class=\"hr-inner-style\"><\/span><\/span><\/div><\/div><div  class='hr av-av_hr-dcd2069817a0e3d34ae04cad8f3443c7 hr-default  avia-builder-el-7  el_after_av_two_fifth  avia-builder-el-last '><span class='hr-inner '><span class=\"hr-inner-style\"><\/span><\/span><\/div><\/p>\n","protected":false},"excerpt":{"rendered":"","protected":false},"featured_media":0,"comment_status":"closed","ping_status":"closed","template":"","tags":[],"portfolio_entries":[],"class_list":["post-281","portfolio","type-portfolio","status-publish","hentry"],"_links":{"self":[{"href":"https:\/\/schmittmann-kolleg.de\/wordpress\/wp-json\/wp\/v2\/portfolio\/281","targetHints":{"allow":["GET"]}}],"collection":[{"href":"https:\/\/schmittmann-kolleg.de\/wordpress\/wp-json\/wp\/v2\/portfolio"}],"about":[{"href":"https:\/\/schmittmann-kolleg.de\/wordpress\/wp-json\/wp\/v2\/types\/portfolio"}],"replies":[{"embeddable":true,"href":"https:\/\/schmittmann-kolleg.de\/wordpress\/wp-json\/wp\/v2\/comments?post=281"}],"version-history":[{"count":0,"href":"https:\/\/schmittmann-kolleg.de\/wordpress\/wp-json\/wp\/v2\/portfolio\/281\/revisions"}],"wp:attachment":[{"href":"https:\/\/schmittmann-kolleg.de\/wordpress\/wp-json\/wp\/v2\/media?parent=281"}],"wp:term":[{"taxonomy":"post_tag","embeddable":true,"href":"https:\/\/schmittmann-kolleg.de\/wordpress\/wp-json\/wp\/v2\/tags?post=281"},{"taxonomy":"portfolio_entries","embeddable":true,"href":"https:\/\/schmittmann-kolleg.de\/wordpress\/wp-json\/wp\/v2\/portfolio_entries?post=281"}],"curies":[{"name":"wp","href":"https:\/\/api.w.org\/{rel}","templated":true}]}}

<style type="text/css" data-created_by="avia_inline_auto" id="style-css-av-av_one_full-9497bbf8bff73ea4c6992cc17fa9ec36">
.flex_column.av-av_one_full-9497bbf8bff73ea4c6992cc17fa9ec36{
-webkit-border-radius:0px 0px 0px 0px;
-moz-border-radius:0px 0px 0px 0px;
border-radius:0px 0px 0px 0px;
padding:0px 0px 0px 0px;
}
</style>
<div class='flex_column av-av_one_full-9497bbf8bff73ea4c6992cc17fa9ec36 av_one_full  avia-builder-el-0  el_before_av_three_fifth  avia-builder-el-first  first flex_column_div av-zero-column-padding '     ></div>

<style type="text/css" data-created_by="avia_inline_auto" id="style-css-av-av_three_fifth-9497bbf8bff73ea4c6992cc17fa9ec36">
.flex_column.av-av_three_fifth-9497bbf8bff73ea4c6992cc17fa9ec36{
-webkit-border-radius:0px 0px 0px 0px;
-moz-border-radius:0px 0px 0px 0px;
border-radius:0px 0px 0px 0px;
padding:0px 0px 0px 0px;
}
</style>
<div class='flex_column av-av_three_fifth-9497bbf8bff73ea4c6992cc17fa9ec36 av_three_fifth  avia-builder-el-1  el_after_av_one_full  el_before_av_two_fifth  first flex_column_div av-zero-column-padding column-top-margin'     ><p>
<style type="text/css" data-created_by="avia_inline_auto" id="style-css-av-av_heading-d85bee97378afc9dd001a732b53bd1f6">
#top .av-special-heading.av-av_heading-d85bee97378afc9dd001a732b53bd1f6{
padding-bottom:10px;
}
body .av-special-heading.av-av_heading-d85bee97378afc9dd001a732b53bd1f6 .av-special-heading-tag .heading-char{
font-size:25px;
}
.av-special-heading.av-av_heading-d85bee97378afc9dd001a732b53bd1f6 .av-subheading{
font-size:15px;
}
</style>
<div  class='av-special-heading av-av_heading-d85bee97378afc9dd001a732b53bd1f6 av-special-heading-h2  avia-builder-el-2  el_before_av_textblock  avia-builder-el-first '><h2 class='av-special-heading-tag'  itemprop="headline"  >Semesterthema: Erinnerungskultur</h2><div class="special-heading-border"><div class="special-heading-inner-border"></div></div></div><br />
<section  class='av_textblock_section av-av_textblock-0366cc7376be6c9e82a3e9cc8987b64f'  itemscope="itemscope" itemtype="https://schema.org/CreativeWork" ><div class='avia_textblock'  itemprop="text" ><p>Semesterprogramm SoSe 2011</p>
</div></section><br />
<div class='avia-data-table-wrap av-av_table-eb8eb17fba35d1611b05cf5540f48a7f avia_responsive_table avia-table-1'><table  class='avia-table avia-data-table avia_pricing_default  avia-builder-el-4  el_after_av_textblock  avia-builder-el-last '  itemscope="itemscope" itemtype="https://schema.org/Table" ><caption>Haussprecher: Simon Umbach</caption><tbody><tr class=''><td class=''>Do, 07.04.2011, 20.15 Uhr</td><td class=''>Semestereröffnungsbuffet</td></tr><tr class=''><td class=''>Di, 12.04.2011, 20.15 Uhr</td><td class=''>1. Hausversammlung</td></tr><tr class=''><td class=''>Sa, 16.04.2011, 12.00 Uhr</td><td class=''>ELDE-Haus, Besuch der Sonderausstellung „Kunst und Gedenken“</td></tr><tr class=''><td class=''>Do, 05.05.2011, 19.30 Uhr</td><td class=''>Semestereröffnungsgottesdienst, Pf. Dr. Markus Wasserfuhr</td></tr><tr class=''><td class=''>Do, 12.05.2011, 19.00 Uhr</td><td class=''>Vortrag: Vergangenheitsbewältigung in der BRD, Dr. Matthias Opitz und Harald Egerland</td></tr><tr class=''><td class=''>Fr, 20.05. &#8211; Sa, 21.05.2011 </td><td class=''>Wochenendseminar Vogelsang</td></tr><tr class=''><td class=''>Di, 31.05.2011, 20.15 Uhr </td><td class=''>2. Hausversammlung</td></tr><tr class=''><td class=''>So, 12.06.2011, 20.15 Uhr </td><td class=''>Filmabend: „Am Ende kommen Touristen“</td></tr><tr class=''><td class=''>Di, 14.06. &#8211; Sa, 18.06.2011 </td><td class=''>Semesterfahrt nach Oświęcim / Auschwitz und Krakau</td></tr><tr class=''><td class=''>Di, 28.06.2011, 19.00 Uhr</td><td class=''>Vortrag: jüdische Leben in der BRD heute, Winfried Günther (jüdische Gemeinde Köln)</td></tr><tr class=''><td class=''>Di, 05.07.2011, 16.30 Uhr </td><td class=''>Besuch des jüdischer Friedhof in Köln-Bocklemünd</td></tr><tr class=''><td class=''>Mo, 18.07.2011, 20.15 Uhr </td><td class=''>3. Hausversammlung</td></tr></tbody></table></div></p></div>

<style type="text/css" data-created_by="avia_inline_auto" id="style-css-av-av_two_fifth-9c1d454dc06f7247226bc4e8f931daae">
.flex_column.av-av_two_fifth-9c1d454dc06f7247226bc4e8f931daae{
-webkit-border-radius:0px 0px 0px 0px;
-moz-border-radius:0px 0px 0px 0px;
border-radius:0px 0px 0px 0px;
padding:0px 0px 0px 0px;
}
</style>
<div class='flex_column av-av_two_fifth-9c1d454dc06f7247226bc4e8f931daae av_two_fifth  avia-builder-el-5  el_after_av_three_fifth  el_before_av_hr  flex_column_div av-zero-column-padding column-top-margin'     ><div  class='hr av-av_hr-f5ce879c8688ea608b6adec0fff8bb6a hr-default  avia-builder-el-6  avia-builder-el-no-sibling '><span class='hr-inner '><span class="hr-inner-style"></span></span></div></div><div  class='hr av-av_hr-dcd2069817a0e3d34ae04cad8f3443c7 hr-default  avia-builder-el-7  el_after_av_two_fifth  avia-builder-el-last '><span class='hr-inner '><span class="hr-inner-style"></span></span></div></p>
